{"id":2149,"date":"2025-12-13T14:31:42","date_gmt":"2025-12-13T14:31:42","guid":{"rendered":"https:\/\/olimar.ro\/magazinul\/?post_type=product&#038;p=2149"},"modified":"2025-12-15T23:24:28","modified_gmt":"2025-12-15T23:24:28","slug":"reductie-compresiune","status":"publish","type":"product","link":"https:\/\/olimar.ro\/magazinul\/product\/reductie-compresiune\/","title":{"rendered":"Reductie compresiune"},"content":{"rendered":"<div class=\"celwidget aplus-module 3p-module-b aplus-standard\" data-csa-c-id=\"10j98z-3xztks-7zoisk-8jfpy0\" data-cel-widget=\"aplus-3p-module-b\">\n<div class=\"aplus-module-wrapper aplus-3p-fixed-width\">\n<h1 class=\"\" data-start=\"0\" data-end=\"21\"><strong>Reductie compresiune\u00a0<\/strong><\/h1>\n<p class=\"\" data-start=\"23\" data-end=\"62\"><strong data-start=\"23\" data-end=\"62\">Fitinguri de compresiune pentru ap\u0103<\/strong><\/p>\n<p class=\"\" data-start=\"64\" data-end=\"425\">Aceste fitinguri de compresiune reprezint\u0103 solu\u021bia ideal\u0103 pentru a asigura conexiuni etan\u0219e \u0219i sigure \u00een sistemele de alimentare cu ap\u0103, fiind alegerea preferat\u0103 de speciali\u0219tii \u00een instala\u021bii. Inspirate din cele mai bune practici din industrie, ofer\u0103 performan\u021b\u0103 superioar\u0103 \u0219i durabilitate \u00een orice mediu, de la instala\u021bii reziden\u021biale p\u00e2n\u0103 la cele industriale.<\/p>\n<h3 class=\"\" data-start=\"427\" data-end=\"457\">Caracteristici principale:<\/h3>\n<ul data-start=\"458\" data-end=\"1155\">\n<li class=\"\" data-start=\"458\" data-end=\"607\">\n<p class=\"\" data-start=\"460\" data-end=\"607\"><strong data-start=\"460\" data-end=\"487\">Etan\u0219eitate superioar\u0103:<\/strong><br data-start=\"487\" data-end=\"490\" \/>Construc\u021bia special\u0103 garanteaz\u0103 conexiuni f\u0103r\u0103 scurgeri, asigur\u00e2nd o func\u021bionare optim\u0103 a sistemului de alimentare.<\/p>\n<\/li>\n<li class=\"\" data-start=\"608\" data-end=\"751\">\n<p class=\"\" data-start=\"610\" data-end=\"751\"><strong data-start=\"610\" data-end=\"635\">Montaj rapid \u0219i u\u0219or:<\/strong><br data-start=\"635\" data-end=\"638\" \/>Designul inteligent permite o instalare simpl\u0103, f\u0103r\u0103 a necesita unelte specializate, economisind timp \u0219i efort.<\/p>\n<\/li>\n<li class=\"\" data-start=\"752\" data-end=\"889\">\n<p class=\"\" data-start=\"754\" data-end=\"889\"><strong data-start=\"754\" data-end=\"787\">Materiale de \u00eenalt\u0103 calitate:<\/strong><br data-start=\"787\" data-end=\"790\" \/>Realizate din materiale premium, rezistente la coroziune \u0219i uzur\u0103, pentru o durabilitate extins\u0103.<\/p>\n<\/li>\n<li class=\"\" data-start=\"890\" data-end=\"1020\">\n<p class=\"\" data-start=\"892\" data-end=\"1020\"><strong data-start=\"892\" data-end=\"920\">Compatibilitate extins\u0103:<\/strong><br data-start=\"920\" data-end=\"923\" \/>Se potrivesc pe o varietate de tipuri de \u021bevi, adapt\u00e2ndu-se perfect oric\u0103rui tip de instala\u021bie.<\/p>\n<\/li>\n<li class=\"\" data-start=\"1021\" data-end=\"1155\">\n<p class=\"\" data-start=\"1023\" data-end=\"1155\"><strong data-start=\"1023\" data-end=\"1036\">Diametru:<\/strong><br data-start=\"1036\" data-end=\"1039\" \/><strong>20mm<\/strong><\/p>\n<\/li>\n<\/ul>\n<h3 class=\"\" data-start=\"1157\" data-end=\"1170\">Avantaje:<\/h3>\n<ul data-start=\"1171\" data-end=\"1523\">\n<li class=\"\" data-start=\"1171\" data-end=\"1303\">\n<p class=\"\" data-start=\"1173\" data-end=\"1303\"><strong data-start=\"1173\" data-end=\"1200\">Siguran\u021b\u0103 \u0219i eficien\u021b\u0103:<\/strong><br data-start=\"1200\" data-end=\"1203\" \/>Men\u021bin un sistem de alimentare cu ap\u0103 robust, elimin\u00e2nd riscul de deterior\u0103ri cauzate de scurgeri.<\/p>\n<\/li>\n<li class=\"\" data-start=\"1304\" data-end=\"1406\">\n<p class=\"\" data-start=\"1306\" data-end=\"1406\"><strong data-start=\"1306\" data-end=\"1323\">Durabilitate:<\/strong><br data-start=\"1323\" data-end=\"1326\" \/>Concepute pentru a rezista \u00een timp, chiar \u0219i \u00een condi\u021bii de utilizare intens\u0103.<\/p>\n<\/li>\n<li class=\"\" data-start=\"1407\" data-end=\"1523\">\n<p class=\"\" data-start=\"1409\" data-end=\"1523\"><strong data-start=\"1409\" data-end=\"1427\">Versatilitate:<\/strong><br data-start=\"1427\" data-end=\"1430\" \/>Potrivite at\u00e2t pentru aplica\u021bii reziden\u021biale, c\u00e2t \u0219i pentru cele comerciale \u0219i industriale.<\/p>\n<\/li>\n<\/ul>\n<p class=\"\" data-start=\"1525\" data-end=\"1691\">Alege \u00a0<strong>Reductie compresiune\u00a0<\/strong>\u00a0pentru o solu\u021bie complet\u0103, inspirat\u0103 de cele mai bune standarde din domeniu, care asigur\u0103 performan\u021b\u0103 \u0219i fiabilitate la cel mai \u00eenalt nivel!<\/p>\n<p data-start=\"1525\" data-end=\"1691\">\n<\/div>\n<\/div>\n<table class=\"bordered\">\n<tbody>\n<tr>\n<th colspan=\"2\">TECHNICAL DETAILS<\/th>\n<\/tr>\n<tr>\n<td style=\"width: 150px;\"><strong>Manufacturer<\/strong><\/td>\n<td>\u200eAEG<\/td>\n<\/tr>\n<tr>\n<td style=\"width: 150px;\"><strong>Part Number<\/strong><\/td>\n<td>\u200eBKS18SBL-0<span class=\"Apple-style-span\">KJL-FSD-563<\/span><\/td>\n<\/tr>\n<tr>\n<td style=\"width: 150px;\"><strong>Product Dimensions<\/strong><\/td>\n<td>\u200e20.5 x 19 x 33.5 cm; 3.47 Kilograms<\/td>\n<\/tr>\n<tr>\n<td style=\"width: 150px;\"><strong>Batteries<\/strong><\/td>\n<td>\u200eLithium Ion batteries required.<\/td>\n<\/tr>\n<tr>\n<td style=\"width: 150px;\"><strong>Item model number<\/strong><\/td>\n<td>\u200e4935479660<\/td>\n<\/tr>\n<tr>\n<td style=\"width: 150px;\"><strong>Colour<\/strong><\/td>\n<td>\u200eOrange\/Black<\/td>\n<\/tr>\n<tr>\n<td style=\"width: 150px;\"><strong>Style<\/strong><\/td>\n<td>\u200e\u00d8 165 mm &#8211; Subcompact<\/td>\n<\/tr>\n<tr>\n<td style=\"width: 150px;\"><strong>Material<\/strong><\/td>\n<td>\u200eAluminium<\/td>\n<\/tr>\n<tr>\n<td style=\"width: 150px;\"><strong>Power Source<\/strong><\/td>\n<td>\u200eBatteriebetrieben<\/td>\n<\/tr>\n<tr>\n<td style=\"width: 150px;\"><strong>Voltage<\/strong><\/td>\n<td>\u200e18 Volts<\/td>\n<\/tr>\n<tr>\n<td style=\"width: 150px;\"><strong>Item Package Quantity<\/strong><\/td>\n<td>\u200e1<\/td>\n<\/tr>\n<tr>\n<td style=\"width: 150px;\"><strong>Speed<\/strong><\/td>\n<td>\u200e5500 RPM<\/td>\n<\/tr>\n<tr>\n<td style=\"width: 150px;\"><strong>Special Features<\/strong><\/td>\n<td>\u200eTiefenverstellung, Bremse<\/td>\n<\/tr>\n<tr>\n<td style=\"width: 150px;\"><strong>Included Components<\/strong><\/td>\n<td>\u200eParallelf\u00fchrung, Klinge 165 mm, 24 Z\u00e4hne<\/td>\n<\/tr>\n<tr>\n<td style=\"width: 150px;\"><strong>Batteries Included?<\/strong><\/td>\n<td>\u200eNo<\/td>\n<\/tr>\n<tr>\n<td style=\"width: 150px;\"><strong>Batteries Required?<\/strong><\/td>\n<td>\u200eYes<\/td>\n<\/tr>\n<tr>\n<td style=\"width: 150px;\"><strong>Item Weight<\/strong><\/td>\n<td>\u200e1100 g<\/td>\n<\/tr>\n<\/tbody>\n<\/table>\n","protected":false},"excerpt":{"rendered":"<p class=\"\" data-start=\"23\" data-end=\"62\"><strong data-start=\"23\" data-end=\"62\">Fitinguri de compresiune pentru ap\u0103<\/strong><\/p>\n<p class=\"\" data-start=\"64\" data-end=\"425\">Aceste fitinguri de compresiune reprezint\u0103 solu\u021bia ideal\u0103 pentru a asigura conexiuni etan\u0219e \u0219i sigure \u00een sistemele de alimentare cu ap\u0103, fiind alegerea preferat\u0103 de speciali\u0219tii \u00een instala\u021bii. Inspirate din cele mai bune practici din industrie, ofer\u0103 performan\u021b\u0103 superioar\u0103 \u0219i durabilitate \u00een orice mediu, de la instala\u021bii reziden\u021biale p\u00e2n\u0103 la cele industriale.<\/p>\n","protected":false},"featured_media":2159,"comment_status":"open","ping_status":"closed","template":"","meta":{"_bst_post_transparent":"default","_bst_post_title":"","_bst_post_layout":"default","_bst_post_sidebar_id":"","_bst_post_content_style":"default","_bst_post_vertical_padding":"default","_bst_post_feature":"","_bst_post_feature_position":"","_bst_post_header":false,"_bst_post_footer":false},"product_brand":[],"product_cat":[99,57,37],"product_tag":[],"product_brands":[],"class_list":{"0":"post-2149","1":"product","2":"type-product","3":"status-publish","4":"has-post-thumbnail","6":"product_cat-fitinguri-compresiune","7":"product_cat-our-store","8":"product_cat-pehd-apa","10":"first","11":"instock","12":"featured","13":"shipping-taxable","14":"purchasable","15":"product-type-variable","16":"entry","17":"content-bg","18":"loop-entry"},"jetpack_sharing_enabled":true,"_links":{"self":[{"href":"https:\/\/olimar.ro\/magazinul\/wp-json\/wp\/v2\/product\/2149","targetHints":{"allow":["GET"]}}],"collection":[{"href":"https:\/\/olimar.ro\/magazinul\/wp-json\/wp\/v2\/product"}],"about":[{"href":"https:\/\/olimar.ro\/magazinul\/wp-json\/wp\/v2\/types\/product"}],"replies":[{"embeddable":true,"href":"https:\/\/olimar.ro\/magazinul\/wp-json\/wp\/v2\/comments?post=2149"}],"version-history":[{"count":1,"href":"https:\/\/olimar.ro\/magazinul\/wp-json\/wp\/v2\/product\/2149\/revisions"}],"predecessor-version":[{"id":2174,"href":"https:\/\/olimar.ro\/magazinul\/wp-json\/wp\/v2\/product\/2149\/revisions\/2174"}],"wp:featuredmedia":[{"embeddable":true,"href":"https:\/\/olimar.ro\/magazinul\/wp-json\/wp\/v2\/media\/2159"}],"wp:attachment":[{"href":"https:\/\/olimar.ro\/magazinul\/wp-json\/wp\/v2\/media?parent=2149"}],"wp:term":[{"taxonomy":"product_brand","embeddable":true,"href":"https:\/\/olimar.ro\/magazinul\/wp-json\/wp\/v2\/product_brand?post=2149"},{"taxonomy":"product_cat","embeddable":true,"href":"https:\/\/olimar.ro\/magazinul\/wp-json\/wp\/v2\/product_cat?post=2149"},{"taxonomy":"product_tag","embeddable":true,"href":"https:\/\/olimar.ro\/magazinul\/wp-json\/wp\/v2\/product_tag?post=2149"},{"taxonomy":"product_brands","embeddable":true,"href":"https:\/\/olimar.ro\/magazinul\/wp-json\/wp\/v2\/product_brands?post=2149"}],"curies":[{"name":"wp","href":"https:\/\/api.w.org\/{rel}","templated":true}]}}